{"id":4136,"date":"2019-09-19T16:34:57","date_gmt":"2019-09-19T14:34:57","guid":{"rendered":"http:\/\/www.reginequeva.fr\/?page_id=4136"},"modified":"2022-03-06T12:40:29","modified_gmt":"2022-03-06T11:40:29","slug":"la-revolution-quotidienne","status":"publish","type":"page","link":"http:\/\/www.reginequeva.fr\/?page_id=4136","title":{"rendered":"La R\u00e9volution Quotidienne"},"content":{"rendered":"\t\t<div data-elementor-type=\"wp-page\" data-elementor-id=\"4136\" class=\"elementor elementor-4136\" data-elementor-post-type=\"page\">\n\t\t\t\t\t\t<section class=\"elementor-section elementor-top-section elementor-element elementor-element-8f18ec0 elementor-section-boxed elementor-section-height-default elementor-section-height-default\" data-id=\"8f18ec0\" data-element_type=\"section\" data-e-type=\"section\">\n\t\t\t\t\t\t<div class=\"elementor-container elementor-column-gap-default\">\n\t\t\t\t\t<div class=\"elementor-column elementor-col-50 elementor-top-column elementor-element elementor-element-ff3c347\" data-id=\"ff3c347\" data-element_type=\"column\" data-e-type=\"column\">\n\t\t\t<div class=\"elementor-widget-wrap elementor-element-populated\">\n\t\t\t\t\t\t<div class=\"elementor-element elementor-element-f5eaba1 elementor-invisible elementor-widget elementor-widget-image\" data-id=\"f5eaba1\" data-element_type=\"widget\" data-e-type=\"widget\" data-settings=\"{&quot;_animation&quot;:&quot;fadeInLeft&quot;}\" data-widget_type=\"image.default\">\n\t\t\t\t<div class=\"elementor-widget-container\">\n\t\t\t\t\t\t\t\t\t\t\t\t<figure class=\"wp-caption\">\n\t\t\t\t\t\t\t\t\t\t\t<a href=\"https:\/\/www.editions-larousse.fr\/livre\/la-revolution-quotidienne-9782035968463\" target=\"_blank\">\n\t\t\t\t\t\t\t<img fetchpriority=\"high\" decoding=\"async\" width=\"665\" height=\"1024\" src=\"http:\/\/www.reginequeva.fr\/wp-content\/uploads\/2019\/09\/RevolutionQuotidienne_couv_v8-002-665x1024.jpg\" class=\"attachment-large size-large wp-image-4104\" alt=\"\" srcset=\"http:\/\/www.reginequeva.fr\/wp-content\/uploads\/2019\/09\/RevolutionQuotidienne_couv_v8-002-665x1024.jpg 665w, http:\/\/www.reginequeva.fr\/wp-content\/uploads\/2019\/09\/RevolutionQuotidienne_couv_v8-002-195x300.jpg 195w, http:\/\/www.reginequeva.fr\/wp-content\/uploads\/2019\/09\/RevolutionQuotidienne_couv_v8-002-768x1182.jpg 768w, http:\/\/www.reginequeva.fr\/wp-content\/uploads\/2019\/09\/RevolutionQuotidienne_couv_v8-002.jpg 1535w\" sizes=\"(max-width: 665px) 100vw, 665px\" \/>\t\t\t\t\t\t\t\t<\/a>\n\t\t\t\t\t\t\t\t\t\t\t<figcaption class=\"widget-image-caption wp-caption-text\">Editions LAROUSSE \u2022 3.95 \u20ac<\/figcaption>\n\t\t\t\t\t\t\t\t\t\t<\/figure>\n\t\t\t\t\t\t\t\t\t<\/div>\n\t\t\t\t<\/div>\n\t\t\t\t\t<\/div>\n\t\t<\/div>\n\t\t\t\t<div class=\"elementor-column elementor-col-50 elementor-top-column elementor-element elementor-element-748dc2c elementor-invisible\" data-id=\"748dc2c\" data-element_type=\"column\" data-e-type=\"column\" data-settings=\"{&quot;animation&quot;:&quot;fadeInRight&quot;}\">\n\t\t\t<div class=\"elementor-widget-wrap elementor-element-populated\">\n\t\t\t\t\t\t<div class=\"elementor-element elementor-element-cdf1ebb elementor-widget elementor-widget-heading\" data-id=\"cdf1ebb\" data-element_type=\"widget\" data-e-type=\"widget\" data-widget_type=\"heading.default\">\n\t\t\t\t<div class=\"elementor-widget-container\">\n\t\t\t\t\t<h1 class=\"elementor-heading-title elementor-size-default\">Les petits gestes font les grands changements.<\/h1>\t\t\t\t<\/div>\n\t\t\t\t<\/div>\n\t\t\t\t<div class=\"elementor-element elementor-element-c0b781d elementor-invisible elementor-widget elementor-widget-text-editor\" data-id=\"c0b781d\" data-element_type=\"widget\" data-e-type=\"widget\" data-settings=\"{&quot;_animation&quot;:&quot;zoomIn&quot;}\" data-widget_type=\"text-editor.default\">\n\t\t\t\t<div class=\"elementor-widget-container\">\n\t\t\t\t\t\t\t\t\t<h3><span style=\"font-size: 16px; color: var( --e-global-color-text );\">Nous n\u2019avons plus le temps d\u2019attendre, plus le temps de parler, de chipoter, de se poser des questions, de tergiverser. Nous n\u2019avons plus le temps, l\u2019urgence est l\u00e0. Comment faire\u00a0 ? Les solutions sont simples, \u00e9conomiques, \u00e9cologiques, \u00e0 la port\u00e9e de tous-tes. Le monde changera par nos actions silencieuses et ce sera une R\u00e9volution Quotidienne.<\/span><\/h3><p>Comment faire concr\u00e8tement ? Tout commence par les produits que nous utilisons tous les jours et par ce que nous mangeons. La vie domestique est un pilier pour le changement plan\u00e9taire.<\/p><p>\u00c9crit par une femme qui anime des ateliers consacr\u00e9s aux produits naturels depuis dix ans, ce manifeste d\u00e9crit le monde tel qu\u2019il est, tout en proposant des solutions concr\u00e8tes et pratiques pour que chacun-e puisse transformer la soci\u00e9t\u00e9. Loin des discours, des gesticulations et des verbiages qui caract\u00e9risent les rebellions philosophiques, politiques ou parfois m\u00eame \u00e9cologiques,\u00a0La R\u00e9volution Quotidienne\u00a0propose des gestes et des actes de la vie quotidienne qui peuvent modifier le monde, sans banderoles ni d\u00e9fil\u00e9, pour aller vers plus d\u2019humanisme.<\/p>\t\t\t\t\t\t\t\t<\/div>\n\t\t\t\t<\/div>\n\t\t\t\t<div class=\"elementor-element elementor-element-60c4b95 elementor-widget elementor-widget-heading\" data-id=\"60c4b95\" data-element_type=\"widget\" data-e-type=\"widget\" data-widget_type=\"heading.default\">\n\t\t\t\t<div class=\"elementor-widget-container\">\n\t\t\t\t\t<h3 class=\"elementor-heading-title elementor-size-default\">C\u2019est en rassemblant les petits ruisseaux que l\u2019on fera de grandes rivi\u00e8res.<\/h3>\t\t\t\t<\/div>\n\t\t\t\t<\/div>\n\t\t\t\t\t<\/div>\n\t\t<\/div>\n\t\t\t\t\t<\/div>\n\t\t<\/section>\n\t\t\t\t<\/div>\n\t\t","protected":false},"excerpt":{"rendered":"<p>Editions LAROUSSE \u2022 3.95 \u20ac Les petits gestes font les grands changements. Nous n\u2019avons plus le temps d\u2019attendre, plus le temps de parler, de chipoter, de se poser des questions, de tergiverser. Nous n\u2019avons plus le temps, l\u2019urgence est l\u00e0. Comment faire\u00a0 ? Les solutions sont simples, \u00e9conomiques, \u00e9cologiques, \u00e0 la port\u00e9e de tous-tes. Le [&hellip;]<\/p>\n","protected":false},"author":1,"featured_media":0,"parent":0,"menu_order":0,"comment_status":"closed","ping_status":"closed","template":"","meta":{"_crdt_document":"","ocean_post_layout":"","ocean_both_sidebars_style":"","ocean_both_sidebars_content_width":0,"ocean_both_sidebars_sidebars_width":0,"ocean_sidebar":"0","ocean_second_sidebar":"0","ocean_disable_margins":"enable","ocean_add_body_class":"","ocean_shortcode_before_top_bar":"","ocean_shortcode_after_top_bar":"","ocean_shortcode_before_header":"","ocean_shortcode_after_header":"","ocean_has_shortcode":"","ocean_shortcode_after_title":"","ocean_shortcode_before_footer_widgets":"","ocean_shortcode_after_footer_widgets":"","ocean_shortcode_before_footer_bottom":"","ocean_shortcode_after_footer_bottom":"","ocean_display_top_bar":"default","ocean_display_header":"default","ocean_header_style":"","ocean_center_header_left_menu":"0","ocean_custom_header_template":"0","ocean_custom_logo":0,"ocean_custom_retina_logo":0,"ocean_custom_logo_max_width":0,"ocean_custom_logo_tablet_max_width":0,"ocean_custom_logo_mobile_max_width":0,"ocean_custom_logo_max_height":0,"ocean_custom_logo_tablet_max_height":0,"ocean_custom_logo_mobile_max_height":0,"ocean_header_custom_menu":"0","ocean_menu_typo_font_family":"0","ocean_menu_typo_font_subset":"","ocean_menu_typo_font_size":0,"ocean_menu_typo_font_size_tablet":0,"ocean_menu_typo_font_size_mobile":0,"ocean_menu_typo_font_size_unit":"px","ocean_menu_typo_font_weight":"","ocean_menu_typo_font_weight_tablet":"","ocean_menu_typo_font_weight_mobile":"","ocean_menu_typo_transform":"","ocean_menu_typo_transform_tablet":"","ocean_menu_typo_transform_mobile":"","ocean_menu_typo_line_height":0,"ocean_menu_typo_line_height_tablet":0,"ocean_menu_typo_line_height_mobile":0,"ocean_menu_typo_line_height_unit":"","ocean_menu_typo_spacing":0,"ocean_menu_typo_spacing_tablet":0,"ocean_menu_typo_spacing_mobile":0,"ocean_menu_typo_spacing_unit":"","ocean_menu_link_color":"","ocean_menu_link_color_hover":"","ocean_menu_link_color_active":"","ocean_menu_link_background":"","ocean_menu_link_hover_background":"","ocean_menu_link_active_background":"","ocean_menu_social_links_bg":"","ocean_menu_social_hover_links_bg":"","ocean_menu_social_links_color":"","ocean_menu_social_hover_links_color":"","ocean_disable_title":"default","ocean_disable_heading":"default","ocean_post_title":"","ocean_post_subheading":"","ocean_post_title_style":"","ocean_post_title_background_color":"","ocean_post_title_background":0,"ocean_post_title_bg_image_position":"","ocean_post_title_bg_image_attachment":"","ocean_post_title_bg_image_repeat":"","ocean_post_title_bg_image_size":"","ocean_post_title_height":0,"ocean_post_title_bg_overlay":0.5,"ocean_post_title_bg_overlay_color":"","ocean_disable_breadcrumbs":"default","ocean_breadcrumbs_color":"","ocean_breadcrumbs_separator_color":"","ocean_breadcrumbs_links_color":"","ocean_breadcrumbs_links_hover_color":"","ocean_display_footer_widgets":"default","ocean_display_footer_bottom":"default","ocean_custom_footer_template":"0","footnotes":""},"class_list":["post-4136","page","type-page","status-publish","hentry","entry"],"_links":{"self":[{"href":"http:\/\/www.reginequeva.fr\/index.php?rest_route=\/wp\/v2\/pages\/4136","targetHints":{"allow":["GET"]}}],"collection":[{"href":"http:\/\/www.reginequeva.fr\/index.php?rest_route=\/wp\/v2\/pages"}],"about":[{"href":"http:\/\/www.reginequeva.fr\/index.php?rest_route=\/wp\/v2\/types\/page"}],"author":[{"embeddable":true,"href":"http:\/\/www.reginequeva.fr\/index.php?rest_route=\/wp\/v2\/users\/1"}],"replies":[{"embeddable":true,"href":"http:\/\/www.reginequeva.fr\/index.php?rest_route=%2Fwp%2Fv2%2Fcomments&post=4136"}],"version-history":[{"count":17,"href":"http:\/\/www.reginequeva.fr\/index.php?rest_route=\/wp\/v2\/pages\/4136\/revisions"}],"predecessor-version":[{"id":7713,"href":"http:\/\/www.reginequeva.fr\/index.php?rest_route=\/wp\/v2\/pages\/4136\/revisions\/7713"}],"wp:attachment":[{"href":"http:\/\/www.reginequeva.fr\/index.php?rest_route=%2Fwp%2Fv2%2Fmedia&parent=4136"}],"curies":[{"name":"wp","href":"https:\/\/api.w.org\/{rel}","templated":true}]}}